lculate the highest common divisor of x and 8.
8
Let m be (1/(-1))/(4/(-40)). Let q(a) = -26*a**3 - 2*a**2 + 1. Let v be q(-1). What is the greatest common factor of m and v?
5
Suppose -4*r + 178 = 3*k - 5*k, -5 = k. Suppose -h + 98 = 2*n - r, 352 = 5*n + 2*h. Calculate the greatest common divisor of n and 48.
24
Let d(m) = m**3 + 5*m**2 + 3*m - 1. Let h be d(-4). Let j(i) = 2 + 2 - 2 + 21*i. Let w be j(h). What is the greatest common factor of w and 26?
13
Let d be (-4)/14 + 79/7. What is the greatest common divisor of 44 and d?
11
Let t(a) = -2*a - 6. Let x be t(-10). Calculate the greatest common factor of x and 70.
14
Let u(r) = -r**3 - 17*r**2 + 17*r - 9. Let w be u(-18). Calculate the highest common factor of 9 and w.
9
Let l = 58 - 33. What is the greatest common factor of l and 5?
5
Suppose 5*a + 2*q = 18 + 26, -45 = -3*a + 5*q. What is the highest common factor of 25 and a?
5
Suppose -4*o + 654 = -2*r, 2*r + 822 = 5*o + r. Calculate the greatest common factor of o and 15.
15
Let b(x) = 2*x**2 - x - 2. Let r be b(2). Suppose r*n - 55 = d, -2*d - 10 = -n - 3*d. Calculate the greatest common divisor of 52 and n.
13
Let w = 9 + -8. What is the highest common factor of 4 and w?
1
Let i be ((-9)/6)/(1/(-12)). Let m = 28 - i. What is the highest common divisor of 40 and m?
10
Suppose 3*p = -4*f + 375, -f - 5*p + 72 = -43. What is the highest common divisor of f and 10?
10
Suppose 5*j - 81 - 199 = 0. Let y be 672/49 - 4/(-14). Calculate the greatest common divisor of j and y.
14
Let a = -1 - -2. Let b(m) = -m + 1. Let l(d) = 9. Let g(y) = -2*b(y) + l(y). Let k be g(-3). What is the greatest common divisor of k and a?
1
Let j(s) = s**3 - 6*s**2 + 1. Suppose 6 = 3*p - 2*p. Let l be j(p). Let c be 9*(9 - -2*l). What is the highest common divisor of 9 and c?
9
Suppose -27*t = -32*t + 270. What is the greatest common divisor of 12 and t?
6
Suppose 4*i = 3*i + 4. Let h = 11 + -7. Calculate the greatest common factor of h and i.
4
Let g = -1 - -2. Suppose q - 30 = -2*w - q, q = 3*w - 25. Suppose -w = -4*c + 6. What is the highest common factor of c and g?
1
Let h = -13 + 23. Let p = -81 + 161. Calculate the greatest common divisor of h and p.
10
Let r be -2 - -1 - (0 - 39). Suppose g - 30 = 3*g. Let c = 34 + g. Calculate the greatest common factor of c and r.
19
Let m(r) = r**3 + 7*r**2 - 2*r - 12. Let c be m(-6). Suppose 5*b - 22 = -2*h, 4*h + 3*b = -b + 32. What is the greatest common divisor of c and h?
6
Let q = 2 + 8. Let c(a) = 3*a**2 + 3*a. Let g be c(5). What is the greatest common factor of g and q?
10
Suppose -2*l = -8 - 278. Suppose -4*k - 4 = -f + 3, 4*k = 5*f - 19. Suppose -2*t - f*t + 65 = 0. Calculate the highest common factor of t and l.
13
Suppose -4*a - 18 = -4*z - 62, -2*a + 5*z + 10 = 0. Suppose -58 + 18 = -4*c. Calculate the greatest common factor of c and a.
5
Let n = 1 + -9. Let g be (-170)/n + (-1)/4. What is the highest common divisor of 3 and g?
3
Suppose 6*s = 4*s. Suppose 5*w - 69 - 19 = -4*m, w = s. Suppose -128 = -4*d + 92. What is the greatest common divisor of d and m?
11
Let w(a) = -a**2 + 7*a. Let v be w(6). Suppose 0 = v*z - 2*z - 64. Calculate the highest common divisor of 24 and z.
8
Let p(f) = -f**3 - 11*f**2 - 13*f. Let v be p(-10). Calculate the greatest common divisor of v and 40.
10
Suppose -55 = 4*c - i - 0*i, -19 = c - 2*i. Let n be (-2)/(-4)*(-7 - c). What is the greatest common factor of n and 12?
3
Let c = -15 - -28. Suppose -8*p + 4*p + 17 = h, -h + 2 = p. Suppose u + u - 72 = -p*l, 3*u + l = 82. Calculate the highest common factor of c and u.
13
Let c(b) = b**3 - 8*b**2 + 3*b - 9. Let k be c(8). Calculate the highest common factor of 120 and k.
15
Let s be (-3)/12 + 218/8. Let b = 49 - s. Suppose -l + 2*l - 55 = 0. What is the highest common divisor of l and b?
11
Let x be 1/((-12)/(-10) + -1). Let s = 190 - 90. Suppose -2*p = 5*y - 93 - 84, -3*y + s = -5*p. Calculate the greatest common divisor of x and y.
5
Let h(o) = 2 - o - 5 - 2*o. Let q be h(-5). Let a = 6 + -3. Calculate the highest common divisor of q and a.
3
Let o = 16 + -11. Let t(x) = -x**3 + 4. Let l be t(0). Suppose 2 = -3*f + o*p + 10, 5*p = -f - l. Calculate the greatest common divisor of f and 5.
1
Let m(p) = 10*p**2 - p. Let t be m(1). Let w be 178/9 - (-2)/t. Calculate the greatest common factor of w and 4.
4
Suppose 0 = 3*f - 2*h + 3, 5*f - h + 3*h = -21. Let w be -2 + 2 - 1 - f. Suppose -4*q = -q - 66. What is the greatest common factor of w and q?
2
Suppose r - 13 = 2. Let i = -208 + 362. Let q be 4/(-10) + i/10. What is the greatest common divisor of q and r?
15
Suppose 2*z = -g + 3, -2*g - 3 = g. Calculate the highest common factor of 18 and z.
2
Suppose -5*i + 2 = 27. Let l(x) = 2*x**3 + 6*x**2 - 2*x + 3. Let r be l(i). Let t = 175 + r. What is the highest common factor of 11 and t?
11
Let a be -1 + (-1 - -4) + -1. Let i be a/((-3)/(-6)) - -3. Calculate the greatest common factor of 30 and i.
5
Suppose 2*k = 44 + 48. Calculate the greatest common factor of 69 and k.
23
Let d be (-5)/((-10)/132)*1. Suppose -5*c + 214 = -3*v, 3*v = -5*c + 118 + 108. Calculate the highest common divisor of d and c.
22
Let a(o) = 15*o + 88. Let v be a(33). What is the highest common factor of 53 and v?
53
Let g = -14 - -6. Let t(i) = -i - 5. Let u be t(g). Suppose u*n - 2*q - 46 - 140 = 0, -140 = -2*n - 4*q. Calculate the greatest common factor of n and 8.
8
Suppose 0 = -3*t - 10 + 34. Let z(n) = -n**3 + 3*n + 56. Let k be z(0). Calculate the highest common divisor of k and t.
8
Let s = -6 + -1. Let b = -5 - s. Let c(o) = o + 1. Let t be c(5). Calculate the greatest common factor of b and t.
2
Let f be (-80)/6*(-432)/15. Calculate the greatest common divisor of f and 48.
48
Let h = -5 - 1. Let n be (1 - -8)/(h/(-60)). What is the greatest common divisor of n and 10?
10
Suppose -3*k + 8*k = -h + 83, -266 = -3*h + 2*k. Let s = -4 + 7. Let n be (6 - s/(-3)) + 1. What is the highest common divisor of h and n?
8
Let n = -101 - -108. Calculate the highest common divisor of 203 and n.
7
Suppose 5*b = -15, 5*b + 1 = -y - 10. Suppose -80 = -l + g + 3*g, y*l - 2*g = 348. Let s be (-1 + -9)*(-8)/10. Calculate the highest common divisor of l and s.
8
Let h be (-10)/4*(-4)/5. Let j be 363/15 - h/10. What is the highest common factor of j and 6?
6
Let z = -48 - -114. What is the greatest common divisor of z and 165?
33
Suppose 0 = 7*i - 3*i + 5*g - 46, -i + 3 = -3*g. What is the highest common factor of 9 and i?
9
Let m be (-2)/(-1) + (2 - 0). Suppose -4*f = -21 + 1. Suppose f*a = 4*v - 29, -3*a + 10 = -m*v + 45. What is the highest common divisor of v and 99?
11
Let b(n) = n**2 + 3*n + 1. Let t be b(-5). Let m(l) = -l**2 - l + 3. Let v be m(0). Suppose -v*i + 173 = -58. What is the greatest common factor of t and i?
11
Let y(w) = -w**3 + 6*w**2 - 4*w + 7. Let t be y(5). Suppose 0*a - 4*a + 76 = 0. Let r = a + -7. Calculate the highest common divisor of r and t.
12
Let a(c) = -c**2 + c + 1. Let r(y) = y**3 + 11*y**2 + 4*y - 11. Let s(q) = 2*a(q) + r(q). Let i be s(-8). Calculate the greatest common divisor of 21 and i.
7
Suppose -4*v + 420 = v - u, -v + 84 = -u. Calculate the highest common divisor of 12 and v.
12
Let z(w) = 4 - 5*w - 5 - 17*w. Let v be z(-1). Let x be (v/6)/(1/2). What is the greatest common factor of x and 7?
7
Suppose -2*u = -2*k - 6, u = k - 3*u + 12. Suppose k = -0*o - 5*o - 105. Let s be 2/(-7) + (-510)/o. What is the greatest common divisor of 16 and s?
8
Let n be 4 + -9 + -2 + 13. What is the highest common factor of 6 and n?
6
Let x = -29 - -41. Let m = -144 - -204. Calculate the greatest common divisor of x and m.
12
Suppose -500 = -4*i + 2*s - 7*s, -3*i = -3*s - 348. Calculate the greatest common factor of i and 15.
15
Let q be (-49)/(-2) - (-9)/18. Calculate the highest common divisor of q and 125.
25
Let b = -1 - -1. Let m(w) = -13*w**3 + 2*w**2 - 2. Let k be m(-2). Suppose -l = -b*l - k. What is the greatest common factor of 10 and l?
10
Let i be (0 - (0 - 1)) + -2. Let r = -1 - i. Suppose r = 5*g + 5*v - v - 118, -3*v = g - 28. Calculate the greatest common divisor of g and 55.
11
Let m(r) = 2*r + 10. Let f be m(-5). Suppose -2*j + 2*l + 186 = 0, -4*j + f*j + 382 = l. What is the greatest common factor of j and 38?
19
Suppos